{"id":856,"date":"2022-01-11T16:49:54","date_gmt":"2022-01-11T13:49:54","guid":{"rendered":"https:\/\/anastasios.ro\/zalau\/?page_id=856"},"modified":"2023-01-12T00:31:56","modified_gmt":"2023-01-11T21:31:56","slug":"dr-yusef-sallum","status":"publish","type":"page","link":"https:\/\/anastasios.ro\/zalau\/dr-yusef-sallum\/","title":{"rendered":"Medic &#8211; Dr. Yusef Sallum"},"content":{"rendered":"<div class=\"gb-container gb-container-9092b670\"><div class=\"gb-inside-container\">\n\n<h1 class=\"gb-headline gb-headline-a3365616 gb-headline-text\">Dr. Yusef Sallum<\/h1>\n\n\n\n<h2 class=\"gb-headline gb-headline-c5999d27 gb-headline-text\"><strong><strong><strong>Medic Specialist Chirurgie Plastic\u0103 \u0219i Microchirurgie Reconstructiv\u0103<\/strong><\/strong><\/strong><\/h2>\n\n\n\n<div class=\"line-separator\"><\/div>\n\n\n\n<h2 class=\"gb-headline gb-headline-986fa71f gb-headline-text\"><strong>Centrul Medical Anastasios Zal\u0103u<\/strong><\/h2>\n\n<\/div><\/div>\n\n\n<div style=\"height:32px\" aria-hidden=\"true\" class=\"wp-block-spacer\"><\/div>\n\n\n<div class=\"gb-container gb-container-0a10d290\"><div class=\"gb-inside-container\">\n<div class=\"gb-grid-wrapper gb-grid-wrapper-cae0effe\">\n<div class=\"gb-grid-column gb-grid-column-340a889e\"><div class=\"gb-container gb-container-340a889e contaier-box-with-shadow\"><div class=\"gb-inside-container\">\n<div class=\"gb-container gb-container-665d604d\"><div class=\"gb-inside-container\">\n\n<figure class=\"wp-block-image size-full container-image-with-shadow\"><img loading=\"lazy\" decoding=\"async\" width=\"652\" height=\"1024\" src=\"https:\/\/anastasios.ro\/zalau\/wp-content\/uploads\/2021\/11\/doctor-yusef-sallum-chirurgie-plastica-si-microchirurgie-reconstructiva.webp\" alt=\"doctor-yusef-sallum-chirurgie-plastica-si-microchirurgie-reconstructiva\" class=\"wp-image-207\" srcset=\"https:\/\/anastasios.ro\/zalau\/wp-content\/uploads\/2021\/11\/doctor-yusef-sallum-chirurgie-plastica-si-microchirurgie-reconstructiva.webp 652w, https:\/\/anastasios.ro\/zalau\/wp-content\/uploads\/2021\/11\/doctor-yusef-sallum-chirurgie-plastica-si-microchirurgie-reconstructiva-191x300.webp 191w\" sizes=\"auto, (max-width: 652px) 100vw, 652px\" \/><\/figure>\n\n<\/div><\/div>\n\n\n<div style=\"height:12px\" aria-hidden=\"true\" class=\"wp-block-spacer\"><\/div>\n\n<\/div><\/div><\/div>\n\n<div class=\"gb-grid-column gb-grid-column-8648c16b\"><div class=\"gb-container gb-container-8648c16b\"><div class=\"gb-inside-container\">\n\n<p>Dr. Yusef Sallum este medic specialist chirurgie plastic\u0103 \u0219i microchirurgie reconstructiv\u0103, de origine israelian, absolvent al Facult\u0103\u021bii de Medicin\u0103 \u0219i Farmacie \u201cIuliu Ha\u021bieganu\u201d din Cluj-Napoca \u00een anul 2013, unde timp de 6 ani a fost bursier pe baz\u0103 de merit al Statului Rom\u00e2n ca student str\u0103in.<\/p>\n\n\n\n<p>\u00centre anii 2013 \u0219i 2015, Dr. Yusef Sallum a practicat medicin\u0103 \u00een cel mai mare spital din Israel \u0219i unul dintre cele mai mari spitale din lume, Sheba Medical Center, totodat\u0103 fiind \u0219i membru \u00een cadrul Asocia\u021biei Medicilor Israelieni.<\/p>\n\n\n\n<blockquote class=\"wp-block-quote is-layout-flow wp-block-quote-is-layout-flow\">\n<p>Sunt un om calm \u0219i \u00eendr\u0103gostit de meseria pe care am ales-o.<\/p>\n<cite>Dr. Yusef Sallum<\/cite><\/blockquote>\n\n<\/div><\/div><\/div>\n<\/div>\n<\/div><\/div>\n\n\n<div style=\"height:32px\" aria-hidden=\"true\" class=\"wp-block-spacer\"><\/div>\n\n\n\n<h3 class=\"gb-headline gb-headline-2904b656 gb-headline-text\"><strong>Sindromul de tunel carpian \u0219i tratamentul prin interven\u021bie minim-invaziv\u0103<\/strong> <strong>cu Dr. Yusef Sallum<\/strong><\/h3>\n\n\n\n<figure class=\"wp-block-embed is-type-video is-provider-youtube wp-block-embed-youtube wp-embed-aspect-16-9 wp-has-aspect-ratio\"><div class=\"wp-block-embed__wrapper\">\n<div class=\"epyt-video-wrapper\"><div  id=\"_ytid_42979\"  width=\"1200\" height=\"675\"  data-origwidth=\"1200\" data-origheight=\"675\"  data-relstop=\"1\" data-facadesrc=\"https:\/\/www.youtube.com\/embed\/aUWdOzpNDEI?enablejsapi=1&#038;autoplay=0&#038;cc_load_policy=0&#038;cc_lang_pref=&#038;iv_load_policy=1&#038;loop=0&#038;rel=0&#038;fs=1&#038;playsinline=0&#038;autohide=2&#038;theme=dark&#038;color=red&#038;controls=1&#038;disablekb=0&#038;\" class=\"__youtube_prefs__ epyt-facade epyt-is-override  no-lazyload\" data-epautoplay=\"1\" ><img decoding=\"async\" data-spai-excluded=\"true\" class=\"epyt-facade-poster skip-lazy\" loading=\"lazy\"  alt=\"YouTube player\"  src=\"https:\/\/i.ytimg.com\/vi\/aUWdOzpNDEI\/maxresdefault.jpg\"  \/><button class=\"epyt-facade-play\" aria-label=\"Play\"><svg data-no-lazy=\"1\" height=\"100%\" version=\"1.1\" viewBox=\"0 0 68 48\" width=\"100%\"><path class=\"ytp-large-play-button-bg\" d=\"M66.52,7.74c-0.78-2.93-2.49-5.41-5.42-6.19C55.79,.13,34,0,34,0S12.21,.13,6.9,1.55 C3.97,2.33,2.27,4.81,1.48,7.74C0.06,13.05,0,24,0,24s0.06,10.95,1.48,16.26c0.78,2.93,2.49,5.41,5.42,6.19 C12.21,47.87,34,48,34,48s21.79-0.13,27.1-1.55c2.93-0.78,4.64-3.26,5.42-6.19C67.94,34.95,68,24,68,24S67.94,13.05,66.52,7.74z\" fill=\"#f00\"><\/path><path d=\"M 45,24 27,14 27,34\" fill=\"#fff\"><\/path><\/svg><\/button><\/div><\/div>\n<\/div><\/figure>\n","protected":false},"excerpt":{"rendered":"<p>Dr. Yusef Sallum Medic Specialist Chirurgie Plastic\u0103 \u0219i Microchirurgie Reconstructiv\u0103 Centrul Medical Anastasios Zal\u0103u Sindromul de tunel carpian \u0219i tratamentul prin interven\u021bie minim-invaziv\u0103 cu Dr. Yusef Sallum<\/p>\n","protected":false},"author":1,"featured_media":857,"parent":0,"menu_order":0,"comment_status":"closed","ping_status":"closed","template":"","meta":{"inline_featured_image":false,"footnotes":""},"class_list":["post-856","page","type-page","status-publish","has-post-thumbnail"],"yoast_head":"<!-- This site is optimized with the Yoast SEO plugin v26.8 - https:\/\/yoast.com\/product\/yoast-seo-wordpress\/ -->\n<title>Dr. Yusef Sallum - Medic Specialist Chirurgie Plastic\u0103 \u0219i Estetic\u0103<\/title>\n<meta name=\"description\" content=\"Medic specialist chirurgie plastic\u0103 \u0219i microchirurgie reconstructiv\u0103. Supra-specializat \u00een estetic\u0103. Programeaz\u0103-te ast\u0103zi pentru o evaluare!\" \/>\n<meta name=\"robots\" content=\"index, follow, max-snippet:-1, max-image-preview:large, max-video-preview:-1\" \/>\n<link rel=\"canonical\" href=\"https:\/\/anastasios.ro\/zalau\/dr-yusef-sallum\/\" \/>\n<meta property=\"og:locale\" content=\"en_US\" \/>\n<meta property=\"og:type\" content=\"article\" \/>\n<meta property=\"og:title\" content=\"Dr. Yusef Sallum - Medic Specialist Chirurgie Plastic\u0103 \u0219i Estetic\u0103\" \/>\n<meta property=\"og:description\" content=\"Medic specialist chirurgie plastic\u0103 \u0219i microchirurgie reconstructiv\u0103. Supra-specializat \u00een estetic\u0103. Programeaz\u0103-te ast\u0103zi pentru o evaluare!\" \/>\n<meta property=\"og:url\" content=\"https:\/\/anastasios.ro\/zalau\/dr-yusef-sallum\/\" \/>\n<meta property=\"og:site_name\" content=\"Centrul Medical Anastasios Zal\u0103u\" \/>\n<meta property=\"article:modified_time\" content=\"2023-01-11T21:31:56+00:00\" \/>\n<meta property=\"og:image\" content=\"https:\/\/anastasios.ro\/zalau\/wp-content\/uploads\/2022\/01\/prezentare-doctor-yusef-sallum-v2.jpg\" \/>\n\t<meta property=\"og:image:width\" content=\"800\" \/>\n\t<meta property=\"og:image:height\" content=\"800\" \/>\n\t<meta property=\"og:image:type\" content=\"image\/jpeg\" \/>\n<meta name=\"twitter:card\" content=\"summary_large_image\" \/>\n<meta name=\"twitter:label1\" content=\"Est. reading time\" \/>\n\t<meta name=\"twitter:data1\" content=\"1 minute\" \/>\n<script type=\"application\/ld+json\" class=\"yoast-schema-graph\">{\"@context\":\"https:\/\/schema.org\",\"@graph\":[{\"@type\":\"WebPage\",\"@id\":\"https:\/\/anastasios.ro\/zalau\/dr-yusef-sallum\/\",\"url\":\"https:\/\/anastasios.ro\/zalau\/dr-yusef-sallum\/\",\"name\":\"Dr. Yusef Sallum - Medic Specialist Chirurgie Plastic\u0103 \u0219i Estetic\u0103\",\"isPartOf\":{\"@id\":\"https:\/\/anastasios.ro\/zalau\/#website\"},\"primaryImageOfPage\":{\"@id\":\"https:\/\/anastasios.ro\/zalau\/dr-yusef-sallum\/#primaryimage\"},\"image\":{\"@id\":\"https:\/\/anastasios.ro\/zalau\/dr-yusef-sallum\/#primaryimage\"},\"thumbnailUrl\":\"https:\/\/anastasios.ro\/zalau\/wp-content\/uploads\/2022\/01\/prezentare-doctor-yusef-sallum-v2.jpg\",\"datePublished\":\"2022-01-11T13:49:54+00:00\",\"dateModified\":\"2023-01-11T21:31:56+00:00\",\"description\":\"Medic specialist chirurgie plastic\u0103 \u0219i microchirurgie reconstructiv\u0103. Supra-specializat \u00een estetic\u0103. Programeaz\u0103-te ast\u0103zi pentru o evaluare!\",\"breadcrumb\":{\"@id\":\"https:\/\/anastasios.ro\/zalau\/dr-yusef-sallum\/#breadcrumb\"},\"inLanguage\":\"en-US\",\"potentialAction\":[{\"@type\":\"ReadAction\",\"target\":[\"https:\/\/anastasios.ro\/zalau\/dr-yusef-sallum\/\"]}]},{\"@type\":\"ImageObject\",\"inLanguage\":\"en-US\",\"@id\":\"https:\/\/anastasios.ro\/zalau\/dr-yusef-sallum\/#primaryimage\",\"url\":\"https:\/\/anastasios.ro\/zalau\/wp-content\/uploads\/2022\/01\/prezentare-doctor-yusef-sallum-v2.jpg\",\"contentUrl\":\"https:\/\/anastasios.ro\/zalau\/wp-content\/uploads\/2022\/01\/prezentare-doctor-yusef-sallum-v2.jpg\",\"width\":800,\"height\":800,\"caption\":\"prezentare doctor yusef sallum v2\"},{\"@type\":\"BreadcrumbList\",\"@id\":\"https:\/\/anastasios.ro\/zalau\/dr-yusef-sallum\/#breadcrumb\",\"itemListElement\":[{\"@type\":\"ListItem\",\"position\":1,\"name\":\"Home\",\"item\":\"https:\/\/anastasios.ro\/zalau\/\"},{\"@type\":\"ListItem\",\"position\":2,\"name\":\"Medic &#8211; Dr. Yusef Sallum\"}]},{\"@type\":\"WebSite\",\"@id\":\"https:\/\/anastasios.ro\/zalau\/#website\",\"url\":\"https:\/\/anastasios.ro\/zalau\/\",\"name\":\"Centrul Medical Anastasios Zal\u0103u\",\"description\":\"\",\"publisher\":{\"@id\":\"https:\/\/anastasios.ro\/zalau\/#organization\"},\"potentialAction\":[{\"@type\":\"SearchAction\",\"target\":{\"@type\":\"EntryPoint\",\"urlTemplate\":\"https:\/\/anastasios.ro\/zalau\/?s={search_term_string}\"},\"query-input\":{\"@type\":\"PropertyValueSpecification\",\"valueRequired\":true,\"valueName\":\"search_term_string\"}}],\"inLanguage\":\"en-US\"},{\"@type\":\"Organization\",\"@id\":\"https:\/\/anastasios.ro\/zalau\/#organization\",\"name\":\"Centrul Medical Anastasios Zal\u0103u\",\"url\":\"https:\/\/anastasios.ro\/zalau\/\",\"logo\":{\"@type\":\"ImageObject\",\"inLanguage\":\"en-US\",\"@id\":\"https:\/\/anastasios.ro\/zalau\/#\/schema\/logo\/image\/\",\"url\":\"https:\/\/anastasios.ro\/zalau\/wp-content\/uploads\/2022\/12\/anastasios_zalau.svg\",\"contentUrl\":\"https:\/\/anastasios.ro\/zalau\/wp-content\/uploads\/2022\/12\/anastasios_zalau.svg\",\"caption\":\"Centrul Medical Anastasios Zal\u0103u\"},\"image\":{\"@id\":\"https:\/\/anastasios.ro\/zalau\/#\/schema\/logo\/image\/\"}}]}<\/script>\n<!-- \/ Yoast SEO plugin. -->","yoast_head_json":{"title":"Dr. Yusef Sallum - Medic Specialist Chirurgie Plastic\u0103 \u0219i Estetic\u0103","description":"Medic specialist chirurgie plastic\u0103 \u0219i microchirurgie reconstructiv\u0103. Supra-specializat \u00een estetic\u0103. Programeaz\u0103-te ast\u0103zi pentru o evaluare!","robots":{"index":"index","follow":"follow","max-snippet":"max-snippet:-1","max-image-preview":"max-image-preview:large","max-video-preview":"max-video-preview:-1"},"canonical":"https:\/\/anastasios.ro\/zalau\/dr-yusef-sallum\/","og_locale":"en_US","og_type":"article","og_title":"Dr. Yusef Sallum - Medic Specialist Chirurgie Plastic\u0103 \u0219i Estetic\u0103","og_description":"Medic specialist chirurgie plastic\u0103 \u0219i microchirurgie reconstructiv\u0103. Supra-specializat \u00een estetic\u0103. Programeaz\u0103-te ast\u0103zi pentru o evaluare!","og_url":"https:\/\/anastasios.ro\/zalau\/dr-yusef-sallum\/","og_site_name":"Centrul Medical Anastasios Zal\u0103u","article_modified_time":"2023-01-11T21:31:56+00:00","og_image":[{"width":800,"height":800,"url":"https:\/\/anastasios.ro\/zalau\/wp-content\/uploads\/2022\/01\/prezentare-doctor-yusef-sallum-v2.jpg","type":"image\/jpeg"}],"twitter_card":"summary_large_image","twitter_misc":{"Est. reading time":"1 minute"},"schema":{"@context":"https:\/\/schema.org","@graph":[{"@type":"WebPage","@id":"https:\/\/anastasios.ro\/zalau\/dr-yusef-sallum\/","url":"https:\/\/anastasios.ro\/zalau\/dr-yusef-sallum\/","name":"Dr. Yusef Sallum - Medic Specialist Chirurgie Plastic\u0103 \u0219i Estetic\u0103","isPartOf":{"@id":"https:\/\/anastasios.ro\/zalau\/#website"},"primaryImageOfPage":{"@id":"https:\/\/anastasios.ro\/zalau\/dr-yusef-sallum\/#primaryimage"},"image":{"@id":"https:\/\/anastasios.ro\/zalau\/dr-yusef-sallum\/#primaryimage"},"thumbnailUrl":"https:\/\/anastasios.ro\/zalau\/wp-content\/uploads\/2022\/01\/prezentare-doctor-yusef-sallum-v2.jpg","datePublished":"2022-01-11T13:49:54+00:00","dateModified":"2023-01-11T21:31:56+00:00","description":"Medic specialist chirurgie plastic\u0103 \u0219i microchirurgie reconstructiv\u0103. Supra-specializat \u00een estetic\u0103. Programeaz\u0103-te ast\u0103zi pentru o evaluare!","breadcrumb":{"@id":"https:\/\/anastasios.ro\/zalau\/dr-yusef-sallum\/#breadcrumb"},"inLanguage":"en-US","potentialAction":[{"@type":"ReadAction","target":["https:\/\/anastasios.ro\/zalau\/dr-yusef-sallum\/"]}]},{"@type":"ImageObject","inLanguage":"en-US","@id":"https:\/\/anastasios.ro\/zalau\/dr-yusef-sallum\/#primaryimage","url":"https:\/\/anastasios.ro\/zalau\/wp-content\/uploads\/2022\/01\/prezentare-doctor-yusef-sallum-v2.jpg","contentUrl":"https:\/\/anastasios.ro\/zalau\/wp-content\/uploads\/2022\/01\/prezentare-doctor-yusef-sallum-v2.jpg","width":800,"height":800,"caption":"prezentare doctor yusef sallum v2"},{"@type":"BreadcrumbList","@id":"https:\/\/anastasios.ro\/zalau\/dr-yusef-sallum\/#breadcrumb","itemListElement":[{"@type":"ListItem","position":1,"name":"Home","item":"https:\/\/anastasios.ro\/zalau\/"},{"@type":"ListItem","position":2,"name":"Medic &#8211; Dr. Yusef Sallum"}]},{"@type":"WebSite","@id":"https:\/\/anastasios.ro\/zalau\/#website","url":"https:\/\/anastasios.ro\/zalau\/","name":"Centrul Medical Anastasios Zal\u0103u","description":"","publisher":{"@id":"https:\/\/anastasios.ro\/zalau\/#organization"},"potentialAction":[{"@type":"SearchAction","target":{"@type":"EntryPoint","urlTemplate":"https:\/\/anastasios.ro\/zalau\/?s={search_term_string}"},"query-input":{"@type":"PropertyValueSpecification","valueRequired":true,"valueName":"search_term_string"}}],"inLanguage":"en-US"},{"@type":"Organization","@id":"https:\/\/anastasios.ro\/zalau\/#organization","name":"Centrul Medical Anastasios Zal\u0103u","url":"https:\/\/anastasios.ro\/zalau\/","logo":{"@type":"ImageObject","inLanguage":"en-US","@id":"https:\/\/anastasios.ro\/zalau\/#\/schema\/logo\/image\/","url":"https:\/\/anastasios.ro\/zalau\/wp-content\/uploads\/2022\/12\/anastasios_zalau.svg","contentUrl":"https:\/\/anastasios.ro\/zalau\/wp-content\/uploads\/2022\/12\/anastasios_zalau.svg","caption":"Centrul Medical Anastasios Zal\u0103u"},"image":{"@id":"https:\/\/anastasios.ro\/zalau\/#\/schema\/logo\/image\/"}}]}},"_links":{"self":[{"href":"https:\/\/anastasios.ro\/zalau\/wp-json\/wp\/v2\/pages\/856","targetHints":{"allow":["GET"]}}],"collection":[{"href":"https:\/\/anastasios.ro\/zalau\/wp-json\/wp\/v2\/pages"}],"about":[{"href":"https:\/\/anastasios.ro\/zalau\/wp-json\/wp\/v2\/types\/page"}],"author":[{"embeddable":true,"href":"https:\/\/anastasios.ro\/zalau\/wp-json\/wp\/v2\/users\/1"}],"replies":[{"embeddable":true,"href":"https:\/\/anastasios.ro\/zalau\/wp-json\/wp\/v2\/comments?post=856"}],"version-history":[{"count":6,"href":"https:\/\/anastasios.ro\/zalau\/wp-json\/wp\/v2\/pages\/856\/revisions"}],"predecessor-version":[{"id":2089,"href":"https:\/\/anastasios.ro\/zalau\/wp-json\/wp\/v2\/pages\/856\/revisions\/2089"}],"wp:featuredmedia":[{"embeddable":true,"href":"https:\/\/anastasios.ro\/zalau\/wp-json\/wp\/v2\/media\/857"}],"wp:attachment":[{"href":"https:\/\/anastasios.ro\/zalau\/wp-json\/wp\/v2\/media?parent=856"}],"curies":[{"name":"wp","href":"https:\/\/api.w.org\/{rel}","templated":true}]}}