{"id":2126,"date":"2023-01-23T13:48:42","date_gmt":"2023-01-23T10:48:42","guid":{"rendered":"https:\/\/anastasios.ro\/zalau\/?page_id=2126"},"modified":"2023-01-23T13:48:42","modified_gmt":"2023-01-23T10:48:42","slug":"dr-bogdan-ene","status":"publish","type":"page","link":"https:\/\/anastasios.ro\/zalau\/dr-bogdan-ene\/","title":{"rendered":"Medic &#8211; Dr. Bogdan Ene"},"content":{"rendered":"<div class=\"gb-container gb-container-9092b670\"><div class=\"gb-inside-container\">\n\n<h1 class=\"gb-headline gb-headline-a3365616 gb-headline-text\">Dr. Bogdan Ene<\/h1>\n\n\n\n<h2 class=\"gb-headline gb-headline-c5999d27 gb-headline-text\"><strong><strong><strong>Medic Specialist Urologie<\/strong><\/strong><\/strong><\/h2>\n\n\n\n<div class=\"line-separator\"><\/div>\n\n\n\n<h2 class=\"gb-headline gb-headline-986fa71f gb-headline-text\"><strong>Centrul Medical Anastasios Zal\u0103u<\/strong><\/h2>\n\n<\/div><\/div>\n\n\n<div style=\"height:32px\" aria-hidden=\"true\" class=\"wp-block-spacer\"><\/div>\n\n\n<div class=\"gb-container gb-container-0a10d290\"><div class=\"gb-inside-container\">\n<div class=\"gb-grid-wrapper gb-grid-wrapper-cae0effe\">\n<div class=\"gb-grid-column gb-grid-column-340a889e\"><div class=\"gb-container gb-container-340a889e contaier-box-with-shadow\"><div class=\"gb-inside-container\">\n<div class=\"gb-container gb-container-665d604d\"><div class=\"gb-inside-container\">\n\n<figure class=\"wp-block-image size-full container-image-with-shadow\"><img loading=\"lazy\" decoding=\"async\" width=\"600\" height=\"900\" src=\"https:\/\/anastasios.ro\/zalau\/wp-content\/uploads\/2023\/01\/doctor-bogdan-ene-urolog.jpg\" alt=\"doctor bogdan ene urolog\" class=\"wp-image-2013\" srcset=\"https:\/\/anastasios.ro\/zalau\/wp-content\/uploads\/2023\/01\/doctor-bogdan-ene-urolog.jpg 600w, https:\/\/anastasios.ro\/zalau\/wp-content\/uploads\/2023\/01\/doctor-bogdan-ene-urolog-200x300.jpg 200w\" sizes=\"auto, (max-width: 600px) 100vw, 600px\" \/><\/figure>\n\n<\/div><\/div>\n\n\n<div style=\"height:12px\" aria-hidden=\"true\" class=\"wp-block-spacer\"><\/div>\n\n<\/div><\/div><\/div>\n\n<div class=\"gb-grid-column gb-grid-column-8648c16b\"><div class=\"gb-container gb-container-8648c16b\"><div class=\"gb-inside-container\">\n\n<p>Tr\u0103im \u00eentr-o lume care se schimb\u0103 permanent cu o rapiditate de neimaginat \u00een urm\u0103 cu 15-20 de ani. Contextul tehnologic \u00een plin\u0103 dezvoltare dar \u0219i fenomenul de globalizare ne aduce \u00een fa\u021ba unor provoc\u0103ri astfel \u00eenc\u00e2t medicina rom\u00e2neasc\u0103 trebuie s\u0103 se adapteze noilor tendin\u021be.<\/p>\n\n\n\n<p>Am \u00eenceput formarea medical\u0103 \u00een centrul Universitar Cluj-Napoca \u00een cadrul facult\u0103\u021bii de Medicin\u0103 General\u0103 a Universit\u0103\u021bii de Medicin\u0103 \u0219i Farmacie \u201eIuliu Ha\u021bieganu\u201d. Urologia este specialitatea pe care am ales-o in urma numeroaselor activit\u0103\u021bi de voluntariat pe care le-am desf\u0103\u0219urat \u00een aceast\u0103 perioad\u0103 cea mai important\u0103 fiind activitatea de transplant renal \u0219i prelevare de organe cu sprijinul Colectivului Medical al Institutului Clinic de Urologie \u0219i Transplant Renal Cluj-Napoca, pe care am \u00eenceput s\u0103 o desf\u0103\u0219or \u00eencep\u00e2nd cu anul 4 de studiu. Dup\u0103 promovarea examenului de reziden\u021biat nu a fost greu s\u0103 m\u0103 integrez \u00een colectivul Clinicii de Urologie unde am \u00eent\u00e2nit o serie de profesioni\u0219ti care mi-au marcat profund cariera \u0219i m-au ajutat s\u0103 dob\u00e2ndesc cuno\u0219tiintele necesare pentru a oferi servicii medicale de complexitate \u00eenalt\u0103.<\/p>\n\n\n\n<p>Consider c\u0103 \u00een cadrul Centrului Medical Anastasios putem oferi servicii complexe de diagnostic, tratament \u0219i totodat\u0103 putem identifica solu\u021bii adaptate nevoilor pacientului. Este imperios necesar s\u0103 privim lucrurile \u00een ansamblu, s\u0103 putem expune toate solu\u021biile medicale existente validate de dovezi interna\u021bionale astfel \u00eenc\u00e2t s\u0103 analiz\u0103m impactul deciziilor pe care pacientul le ia cu ajutorul nostru asupra sa c\u00e2t \u0219i asupra contextului personal. <\/p>\n\n\n\n<figure class=\"wp-block-pullquote\"><blockquote><p>Boala din p\u0103cate de cele mai multe ori nu afecteaz\u0103 doar individul ci \u0219i rela\u021biile acestuia cu cei din jur cum ar fi familia astfel \u00eenc\u00e2t este necesar\u0103 o comunicare aprofundat\u0103 pentru a asigura cadrul optim de vindecare \u0219i reintegrare socio-profesional\u0103.<\/p><cite>Dr. Bogdan Ene<\/cite><\/blockquote><\/figure>\n\n\n\n<p>Dr. Ene Bogdan este medic specialist urolog \u00een cadrul Centrului Medical Anastasios \u0219i ofer\u0103 servicii medicale \u00een patologii de ni\u0219\u0103 dintre care men\u021bion\u0103m: tratamentul minim-invaziv al afec\u021biunilor urologice, diagnosticul \u0219i tratamentul afec\u021biunilor neuro-urologice, abordarea multimodal\u0103 a profilaxiei \u0219i tratamentului infec\u021biilor de tract urinar, managementul afec\u021biunilor uro-ginecologice.<\/p>\n\n\n\n<p>De\u021bine competen\u021ba \u00een Ultrasonografie (Ecografie) General\u0103 \u0219i contin\u0103 s\u0103-\u0219i actualizeze permanent cuno\u0219tiintele prin particip\u0103ri la numeroase cursuri din \u021bar\u0103 \u0219i din str\u0103in\u0103tate. Este membru al <strong>Asocia\u021biei Rom\u00e2ne de Urologie<\/strong>, <strong>Asocia\u021biei Europene de Urologie<\/strong> \u0219i <strong>Asocia\u021biei Americane de Urologie<\/strong>.<\/p>\n\n\n\n<p>Prin utilizarea tehnicilor combinate de anestezie local\u0103 \u0219i regional\u0103 ofer\u0103 o gam\u0103 larg\u0103 de servicii de chirurgie urologic\u0103 minim-invaziv\u0103 \u0219i endoscopie urologic\u0103 \u00een cadrul Centrului Medical Anastasios \u00een regim ambulatoriu.<\/p>\n\n<\/div><\/div><\/div>\n<\/div>\n<\/div><\/div>","protected":false},"excerpt":{"rendered":"<p>Dr. Bogdan Ene Medic Specialist Urologie Centrul Medical Anastasios Zal\u0103u<\/p>\n","protected":false},"author":1,"featured_media":2013,"parent":0,"menu_order":0,"comment_status":"closed","ping_status":"closed","template":"","meta":{"inline_featured_image":false,"footnotes":""},"class_list":["post-2126","page","type-page","status-publish","has-post-thumbnail"],"yoast_head":"<!-- This site is optimized with the Yoast SEO plugin v26.8 - https:\/\/yoast.com\/product\/yoast-seo-wordpress\/ -->\n<title>Dr. Bogdan Ene - Medic Specialist Urologie<\/title>\n<meta name=\"description\" content=\"Dr. Bogdan Ene este membru al Asocia\u021biei Rom\u00e2ne de Urologie, al Asocia\u021biei Europene de Urologie \u0219i al Asocia\u021biei Americane de Urologie.\" \/>\n<meta name=\"robots\" content=\"index, follow, max-snippet:-1, max-image-preview:large, max-video-preview:-1\" \/>\n<link rel=\"canonical\" href=\"https:\/\/anastasios.ro\/zalau\/dr-bogdan-ene\/\" \/>\n<meta property=\"og:locale\" content=\"en_US\" \/>\n<meta property=\"og:type\" content=\"article\" \/>\n<meta property=\"og:title\" content=\"Dr. Bogdan Ene - Medic Specialist Urologie\" \/>\n<meta property=\"og:description\" content=\"Dr. Bogdan Ene este membru al Asocia\u021biei Rom\u00e2ne de Urologie, al Asocia\u021biei Europene de Urologie \u0219i al Asocia\u021biei Americane de Urologie.\" \/>\n<meta property=\"og:url\" content=\"https:\/\/anastasios.ro\/zalau\/dr-bogdan-ene\/\" \/>\n<meta property=\"og:site_name\" content=\"Centrul Medical Anastasios Zal\u0103u\" \/>\n<meta property=\"og:image\" content=\"https:\/\/anastasios.ro\/zalau\/wp-content\/uploads\/2023\/01\/doctor-bogdan-ene-urolog.jpg\" \/>\n\t<meta property=\"og:image:width\" content=\"600\" \/>\n\t<meta property=\"og:image:height\" content=\"900\" \/>\n\t<meta property=\"og:image:type\" content=\"image\/jpeg\" \/>\n<meta name=\"twitter:card\" content=\"summary_large_image\" \/>\n<meta name=\"twitter:label1\" content=\"Est. reading time\" \/>\n\t<meta name=\"twitter:data1\" content=\"2 minutes\" \/>\n<script type=\"application\/ld+json\" class=\"yoast-schema-graph\">{\"@context\":\"https:\/\/schema.org\",\"@graph\":[{\"@type\":\"WebPage\",\"@id\":\"https:\/\/anastasios.ro\/zalau\/dr-bogdan-ene\/\",\"url\":\"https:\/\/anastasios.ro\/zalau\/dr-bogdan-ene\/\",\"name\":\"Dr. Bogdan Ene - Medic Specialist Urologie\",\"isPartOf\":{\"@id\":\"https:\/\/anastasios.ro\/zalau\/#website\"},\"primaryImageOfPage\":{\"@id\":\"https:\/\/anastasios.ro\/zalau\/dr-bogdan-ene\/#primaryimage\"},\"image\":{\"@id\":\"https:\/\/anastasios.ro\/zalau\/dr-bogdan-ene\/#primaryimage\"},\"thumbnailUrl\":\"https:\/\/anastasios.ro\/zalau\/wp-content\/uploads\/2023\/01\/doctor-bogdan-ene-urolog.jpg\",\"datePublished\":\"2023-01-23T10:48:42+00:00\",\"description\":\"Dr. Bogdan Ene este membru al Asocia\u021biei Rom\u00e2ne de Urologie, al Asocia\u021biei Europene de Urologie \u0219i al Asocia\u021biei Americane de Urologie.\",\"breadcrumb\":{\"@id\":\"https:\/\/anastasios.ro\/zalau\/dr-bogdan-ene\/#breadcrumb\"},\"inLanguage\":\"en-US\",\"potentialAction\":[{\"@type\":\"ReadAction\",\"target\":[\"https:\/\/anastasios.ro\/zalau\/dr-bogdan-ene\/\"]}]},{\"@type\":\"ImageObject\",\"inLanguage\":\"en-US\",\"@id\":\"https:\/\/anastasios.ro\/zalau\/dr-bogdan-ene\/#primaryimage\",\"url\":\"https:\/\/anastasios.ro\/zalau\/wp-content\/uploads\/2023\/01\/doctor-bogdan-ene-urolog.jpg\",\"contentUrl\":\"https:\/\/anastasios.ro\/zalau\/wp-content\/uploads\/2023\/01\/doctor-bogdan-ene-urolog.jpg\",\"width\":600,\"height\":900,\"caption\":\"doctor bogdan ene urolog\"},{\"@type\":\"BreadcrumbList\",\"@id\":\"https:\/\/anastasios.ro\/zalau\/dr-bogdan-ene\/#breadcrumb\",\"itemListElement\":[{\"@type\":\"ListItem\",\"position\":1,\"name\":\"Home\",\"item\":\"https:\/\/anastasios.ro\/zalau\/\"},{\"@type\":\"ListItem\",\"position\":2,\"name\":\"Medic &#8211; Dr. Bogdan Ene\"}]},{\"@type\":\"WebSite\",\"@id\":\"https:\/\/anastasios.ro\/zalau\/#website\",\"url\":\"https:\/\/anastasios.ro\/zalau\/\",\"name\":\"Centrul Medical Anastasios Zal\u0103u\",\"description\":\"\",\"publisher\":{\"@id\":\"https:\/\/anastasios.ro\/zalau\/#organization\"},\"potentialAction\":[{\"@type\":\"SearchAction\",\"target\":{\"@type\":\"EntryPoint\",\"urlTemplate\":\"https:\/\/anastasios.ro\/zalau\/?s={search_term_string}\"},\"query-input\":{\"@type\":\"PropertyValueSpecification\",\"valueRequired\":true,\"valueName\":\"search_term_string\"}}],\"inLanguage\":\"en-US\"},{\"@type\":\"Organization\",\"@id\":\"https:\/\/anastasios.ro\/zalau\/#organization\",\"name\":\"Centrul Medical Anastasios Zal\u0103u\",\"url\":\"https:\/\/anastasios.ro\/zalau\/\",\"logo\":{\"@type\":\"ImageObject\",\"inLanguage\":\"en-US\",\"@id\":\"https:\/\/anastasios.ro\/zalau\/#\/schema\/logo\/image\/\",\"url\":\"https:\/\/anastasios.ro\/zalau\/wp-content\/uploads\/2022\/12\/anastasios_zalau.svg\",\"contentUrl\":\"https:\/\/anastasios.ro\/zalau\/wp-content\/uploads\/2022\/12\/anastasios_zalau.svg\",\"caption\":\"Centrul Medical Anastasios Zal\u0103u\"},\"image\":{\"@id\":\"https:\/\/anastasios.ro\/zalau\/#\/schema\/logo\/image\/\"}}]}<\/script>\n<!-- \/ Yoast SEO plugin. -->","yoast_head_json":{"title":"Dr. Bogdan Ene - Medic Specialist Urologie","description":"Dr. Bogdan Ene este membru al Asocia\u021biei Rom\u00e2ne de Urologie, al Asocia\u021biei Europene de Urologie \u0219i al Asocia\u021biei Americane de Urologie.","robots":{"index":"index","follow":"follow","max-snippet":"max-snippet:-1","max-image-preview":"max-image-preview:large","max-video-preview":"max-video-preview:-1"},"canonical":"https:\/\/anastasios.ro\/zalau\/dr-bogdan-ene\/","og_locale":"en_US","og_type":"article","og_title":"Dr. Bogdan Ene - Medic Specialist Urologie","og_description":"Dr. Bogdan Ene este membru al Asocia\u021biei Rom\u00e2ne de Urologie, al Asocia\u021biei Europene de Urologie \u0219i al Asocia\u021biei Americane de Urologie.","og_url":"https:\/\/anastasios.ro\/zalau\/dr-bogdan-ene\/","og_site_name":"Centrul Medical Anastasios Zal\u0103u","og_image":[{"width":600,"height":900,"url":"https:\/\/anastasios.ro\/zalau\/wp-content\/uploads\/2023\/01\/doctor-bogdan-ene-urolog.jpg","type":"image\/jpeg"}],"twitter_card":"summary_large_image","twitter_misc":{"Est. reading time":"2 minutes"},"schema":{"@context":"https:\/\/schema.org","@graph":[{"@type":"WebPage","@id":"https:\/\/anastasios.ro\/zalau\/dr-bogdan-ene\/","url":"https:\/\/anastasios.ro\/zalau\/dr-bogdan-ene\/","name":"Dr. Bogdan Ene - Medic Specialist Urologie","isPartOf":{"@id":"https:\/\/anastasios.ro\/zalau\/#website"},"primaryImageOfPage":{"@id":"https:\/\/anastasios.ro\/zalau\/dr-bogdan-ene\/#primaryimage"},"image":{"@id":"https:\/\/anastasios.ro\/zalau\/dr-bogdan-ene\/#primaryimage"},"thumbnailUrl":"https:\/\/anastasios.ro\/zalau\/wp-content\/uploads\/2023\/01\/doctor-bogdan-ene-urolog.jpg","datePublished":"2023-01-23T10:48:42+00:00","description":"Dr. Bogdan Ene este membru al Asocia\u021biei Rom\u00e2ne de Urologie, al Asocia\u021biei Europene de Urologie \u0219i al Asocia\u021biei Americane de Urologie.","breadcrumb":{"@id":"https:\/\/anastasios.ro\/zalau\/dr-bogdan-ene\/#breadcrumb"},"inLanguage":"en-US","potentialAction":[{"@type":"ReadAction","target":["https:\/\/anastasios.ro\/zalau\/dr-bogdan-ene\/"]}]},{"@type":"ImageObject","inLanguage":"en-US","@id":"https:\/\/anastasios.ro\/zalau\/dr-bogdan-ene\/#primaryimage","url":"https:\/\/anastasios.ro\/zalau\/wp-content\/uploads\/2023\/01\/doctor-bogdan-ene-urolog.jpg","contentUrl":"https:\/\/anastasios.ro\/zalau\/wp-content\/uploads\/2023\/01\/doctor-bogdan-ene-urolog.jpg","width":600,"height":900,"caption":"doctor bogdan ene urolog"},{"@type":"BreadcrumbList","@id":"https:\/\/anastasios.ro\/zalau\/dr-bogdan-ene\/#breadcrumb","itemListElement":[{"@type":"ListItem","position":1,"name":"Home","item":"https:\/\/anastasios.ro\/zalau\/"},{"@type":"ListItem","position":2,"name":"Medic &#8211; Dr. Bogdan Ene"}]},{"@type":"WebSite","@id":"https:\/\/anastasios.ro\/zalau\/#website","url":"https:\/\/anastasios.ro\/zalau\/","name":"Centrul Medical Anastasios Zal\u0103u","description":"","publisher":{"@id":"https:\/\/anastasios.ro\/zalau\/#organization"},"potentialAction":[{"@type":"SearchAction","target":{"@type":"EntryPoint","urlTemplate":"https:\/\/anastasios.ro\/zalau\/?s={search_term_string}"},"query-input":{"@type":"PropertyValueSpecification","valueRequired":true,"valueName":"search_term_string"}}],"inLanguage":"en-US"},{"@type":"Organization","@id":"https:\/\/anastasios.ro\/zalau\/#organization","name":"Centrul Medical Anastasios Zal\u0103u","url":"https:\/\/anastasios.ro\/zalau\/","logo":{"@type":"ImageObject","inLanguage":"en-US","@id":"https:\/\/anastasios.ro\/zalau\/#\/schema\/logo\/image\/","url":"https:\/\/anastasios.ro\/zalau\/wp-content\/uploads\/2022\/12\/anastasios_zalau.svg","contentUrl":"https:\/\/anastasios.ro\/zalau\/wp-content\/uploads\/2022\/12\/anastasios_zalau.svg","caption":"Centrul Medical Anastasios Zal\u0103u"},"image":{"@id":"https:\/\/anastasios.ro\/zalau\/#\/schema\/logo\/image\/"}}]}},"_links":{"self":[{"href":"https:\/\/anastasios.ro\/zalau\/wp-json\/wp\/v2\/pages\/2126","targetHints":{"allow":["GET"]}}],"collection":[{"href":"https:\/\/anastasios.ro\/zalau\/wp-json\/wp\/v2\/pages"}],"about":[{"href":"https:\/\/anastasios.ro\/zalau\/wp-json\/wp\/v2\/types\/page"}],"author":[{"embeddable":true,"href":"https:\/\/anastasios.ro\/zalau\/wp-json\/wp\/v2\/users\/1"}],"replies":[{"embeddable":true,"href":"https:\/\/anastasios.ro\/zalau\/wp-json\/wp\/v2\/comments?post=2126"}],"version-history":[{"count":2,"href":"https:\/\/anastasios.ro\/zalau\/wp-json\/wp\/v2\/pages\/2126\/revisions"}],"predecessor-version":[{"id":2857,"href":"https:\/\/anastasios.ro\/zalau\/wp-json\/wp\/v2\/pages\/2126\/revisions\/2857"}],"wp:featuredmedia":[{"embeddable":true,"href":"https:\/\/anastasios.ro\/zalau\/wp-json\/wp\/v2\/media\/2013"}],"wp:attachment":[{"href":"https:\/\/anastasios.ro\/zalau\/wp-json\/wp\/v2\/media?parent=2126"}],"curies":[{"name":"wp","href":"https:\/\/api.w.org\/{rel}","templated":true}]}}