{"id":1051,"date":"2025-06-24T17:23:23","date_gmt":"2025-06-24T17:23:23","guid":{"rendered":"https:\/\/anastasios.ro\/cluj\/?page_id=1051"},"modified":"2026-02-08T18:18:44","modified_gmt":"2026-02-08T18:18:44","slug":"contact","status":"publish","type":"page","link":"https:\/\/anastasios.ro\/cluj\/contact","title":{"rendered":"Contact"},"content":{"rendered":"\t\t<div data-elementor-type=\"wp-page\" data-elementor-id=\"1051\" class=\"elementor elementor-1051\" data-elementor-post-type=\"page\">\n\t\t\t\t<div class=\"elementor-element elementor-element-d2c77b9 e-flex e-con-boxed e-con e-parent\" data-id=\"d2c77b9\" data-element_type=\"container\" data-e-type=\"container\">\n\t\t\t\t\t<div class=\"e-con-inner\">\n\t\t\t\t<div class=\"elementor-element elementor-element-5a44564 elementor-widget elementor-widget-heading\" data-id=\"5a44564\" data-element_type=\"widget\" data-e-type=\"widget\" data-widget_type=\"heading.default\">\n\t\t\t\t\t<h2 class=\"elementor-heading-title elementor-size-default\">Contact<\/h2>\t\t\t\t<\/div>\n\t\t<div class=\"elementor-element elementor-element-5b64211 e-grid e-con-full e-con e-child\" data-id=\"5b64211\" data-element_type=\"container\" data-e-type=\"container\">\n\t\t<div class=\"elementor-element elementor-element-0260aa7 e-con-full e-flex e-con e-child\" data-id=\"0260aa7\" data-element_type=\"container\" data-e-type=\"container\" data-settings=\"{&quot;background_background&quot;:&quot;classic&quot;}\">\n\t\t\t\t<div class=\"elementor-element elementor-element-4965dbc elementor-widget elementor-widget-heading\" data-id=\"4965dbc\" data-element_type=\"widget\" data-e-type=\"widget\" data-widget_type=\"heading.default\">\n\t\t\t\t\t<p class=\"elementor-heading-title elementor-size-default\">Loca\u021bie clinic\u0103<\/p>\t\t\t\t<\/div>\n\t\t\t\t<div class=\"elementor-element elementor-element-b58b7f1 elementor-widget elementor-widget-heading\" data-id=\"b58b7f1\" data-element_type=\"widget\" data-e-type=\"widget\" data-widget_type=\"heading.default\">\n\t\t\t\t\t<p class=\"elementor-heading-title elementor-size-default\">Strad\u0103 Lunii, nr. 2A, Cluj Napoca, vizavi de Carrefour Express, \u00een zona Spitalului de Recuperare<\/p>\t\t\t\t<\/div>\n\t\t\t\t<\/div>\n\t\t<div class=\"elementor-element elementor-element-f046026 e-con-full e-flex e-con e-child\" data-id=\"f046026\" data-element_type=\"container\" data-e-type=\"container\" data-settings=\"{&quot;background_background&quot;:&quot;classic&quot;}\">\n\t\t\t\t<div class=\"elementor-element elementor-element-0cb4e04 elementor-widget elementor-widget-heading\" data-id=\"0cb4e04\" data-element_type=\"widget\" data-e-type=\"widget\" data-widget_type=\"heading.default\">\n\t\t\t\t\t<p class=\"elementor-heading-title elementor-size-default\">Program\u0103ri consulta\u021bii<\/p>\t\t\t\t<\/div>\n\t\t\t\t<div class=\"elementor-element elementor-element-a84caca elementor-widget elementor-widget-heading\" data-id=\"a84caca\" data-element_type=\"widget\" data-e-type=\"widget\" data-widget_type=\"heading.default\">\n\t\t\t\t\t<p class=\"elementor-heading-title elementor-size-default\">Luni \u2013 Duminic\u0103: 8.00 \u2013 20.00<br \/>\n<a href=\"tel:+40771547033\">0771 547 033<\/a> sau <a href=\"tel:+40775344011\">0775 344 011<\/a><br \/>\n<a href=\"mailto:contact.cj@anastasios.ro\">contact.cj@anastasios.ro<\/a><\/p>\t\t\t\t<\/div>\n\t\t\t\t<\/div>\n\t\t<div class=\"elementor-element elementor-element-af27549 e-con-full e-flex e-con e-child\" data-id=\"af27549\" data-element_type=\"container\" data-e-type=\"container\" data-settings=\"{&quot;background_background&quot;:&quot;classic&quot;}\">\n\t\t\t\t<div class=\"elementor-element elementor-element-f73d95b elementor-widget elementor-widget-heading\" data-id=\"f73d95b\" data-element_type=\"widget\" data-e-type=\"widget\" data-widget_type=\"heading.default\">\n\t\t\t\t\t<p class=\"elementor-heading-title elementor-size-default\">Program de lucru clinic\u0103<\/p>\t\t\t\t<\/div>\n\t\t\t\t<div class=\"elementor-element elementor-element-b1664fd elementor-widget elementor-widget-heading\" data-id=\"b1664fd\" data-element_type=\"widget\" data-e-type=\"widget\" data-widget_type=\"heading.default\">\n\t\t\t\t\t<p class=\"elementor-heading-title elementor-size-default\">Luni-Vineri: 8.00 \u2013 20.00<br \/>\nS\u00e2mb\u0103t\u0103: 8.00 \u2013 14.00<\/p>\t\t\t\t<\/div>\n\t\t\t\t<\/div>\n\t\t\t\t<\/div>\n\t\t\t\t\t<\/div>\n\t\t\t\t<\/div>\n\t\t<div class=\"elementor-element elementor-element-dba63f9 e-flex e-con-boxed e-con e-parent\" data-id=\"dba63f9\" data-element_type=\"container\" data-e-type=\"container\">\n\t\t\t\t\t<div class=\"e-con-inner\">\n\t\t\t\t<div class=\"elementor-element elementor-element-a35005d elementor-widget elementor-widget-google_maps\" data-id=\"a35005d\" data-element_type=\"widget\" data-e-type=\"widget\" data-widget_type=\"google_maps.default\">\n\t\t\t\t\t\t\t<div class=\"elementor-custom-embed\">\n\t\t\t<iframe loading=\"lazy\"\n\t\t\t\t\tsrc=\"https:\/\/maps.google.com\/maps?q=Clinica%20Anastasios%20Cluj-Napoca&#038;t=m&#038;z=16&#038;output=embed&#038;iwloc=near\"\n\t\t\t\t\ttitle=\"Clinica Anastasios Cluj-Napoca\"\n\t\t\t\t\taria-label=\"Clinica Anastasios Cluj-Napoca\"\n\t\t\t><\/iframe>\n\t\t<\/div>\n\t\t\t\t\t\t<\/div>\n\t\t\t\t\t<\/div>\n\t\t\t\t<\/div>\n\t\t\t\t<\/div>\n\t\t","protected":false},"excerpt":{"rendered":"<p>Contact Loca\u021bie clinic\u0103 Strad\u0103 Lunii, nr. 2A, Cluj Napoca, vizavi de Carrefour Express, \u00een zona Spitalului de Recuperare Program\u0103ri consulta\u021bii Luni \u2013 Duminic\u0103: 8.00 \u2013 20.00 0771 547 033 sau 0775 344 011 contact.cj@anastasios.ro Program de lucru clinic\u0103 Luni-Vineri: 8.00 \u2013 20.00 S\u00e2mb\u0103t\u0103: 8.00 \u2013 14.00<\/p>\n","protected":false},"author":1,"featured_media":0,"parent":0,"menu_order":0,"comment_status":"closed","ping_status":"closed","template":"","meta":{"_acf_changed":false,"inline_featured_image":false,"footnotes":""},"class_list":["post-1051","page","type-page","status-publish","hentry"],"acf":[],"yoast_head":"<!-- This site is optimized with the Yoast SEO plugin v27.2 - https:\/\/yoast.com\/product\/yoast-seo-wordpress\/ -->\n<title>Contact - Clinica Anastasios Cluj<\/title>\n<meta name=\"description\" content=\"Ne g\u0103si\u021bi pe Strada Lunii 2A, Cluj-Napoca, sau la numerele de telefon 0771 547 033 \u0219i 0775 344 011. F\u0103-\u021bi o programare ast\u0103zi!\" \/>\n<meta name=\"robots\" content=\"index, follow, max-snippet:-1, max-image-preview:large, max-video-preview:-1\" \/>\n<link rel=\"canonical\" href=\"https:\/\/anastasios.ro\/cluj\/contact\" \/>\n<meta property=\"og:locale\" content=\"en_US\" \/>\n<meta property=\"og:type\" content=\"article\" \/>\n<meta property=\"og:title\" content=\"Contact - Clinica Anastasios Cluj\" \/>\n<meta property=\"og:description\" content=\"Ne g\u0103si\u021bi pe Strada Lunii 2A, Cluj-Napoca, sau la numerele de telefon 0771 547 033 \u0219i 0775 344 011. F\u0103-\u021bi o programare ast\u0103zi!\" \/>\n<meta property=\"og:url\" content=\"https:\/\/anastasios.ro\/cluj\/contact\" \/>\n<meta property=\"og:site_name\" content=\"Anastasios Cluj\" \/>\n<meta property=\"article:modified_time\" content=\"2026-02-08T18:18:44+00:00\" \/>\n<meta name=\"twitter:card\" content=\"summary_large_image\" \/>\n<meta name=\"twitter:label1\" content=\"Est. reading time\" \/>\n\t<meta name=\"twitter:data1\" content=\"1 minute\" \/>\n<script type=\"application\/ld+json\" class=\"yoast-schema-graph\">{\"@context\":\"https:\/\/schema.org\",\"@graph\":[{\"@type\":\"WebPage\",\"@id\":\"https:\/\/anastasios.ro\/cluj\/contact\",\"url\":\"https:\/\/anastasios.ro\/cluj\/contact\",\"name\":\"Contact - Clinica Anastasios Cluj\",\"isPartOf\":{\"@id\":\"https:\/\/anastasios.ro\/cluj\/#website\"},\"datePublished\":\"2025-06-24T17:23:23+00:00\",\"dateModified\":\"2026-02-08T18:18:44+00:00\",\"description\":\"Ne g\u0103si\u021bi pe Strada Lunii 2A, Cluj-Napoca, sau la numerele de telefon 0771 547 033 \u0219i 0775 344 011. F\u0103-\u021bi o programare ast\u0103zi!\",\"breadcrumb\":{\"@id\":\"https:\/\/anastasios.ro\/cluj\/contact#breadcrumb\"},\"inLanguage\":\"en-US\",\"potentialAction\":[{\"@type\":\"ReadAction\",\"target\":[\"https:\/\/anastasios.ro\/cluj\/contact\"]}]},{\"@type\":\"BreadcrumbList\",\"@id\":\"https:\/\/anastasios.ro\/cluj\/contact#breadcrumb\",\"itemListElement\":[{\"@type\":\"ListItem\",\"position\":1,\"name\":\"Home\",\"item\":\"https:\/\/anastasios.ro\/cluj\/\"},{\"@type\":\"ListItem\",\"position\":2,\"name\":\"Contact\"}]},{\"@type\":\"WebSite\",\"@id\":\"https:\/\/anastasios.ro\/cluj\/#website\",\"url\":\"https:\/\/anastasios.ro\/cluj\/\",\"name\":\"Anastasios Cluj\",\"description\":\"\",\"publisher\":{\"@id\":\"https:\/\/anastasios.ro\/cluj\/#organization\"},\"potentialAction\":[{\"@type\":\"SearchAction\",\"target\":{\"@type\":\"EntryPoint\",\"urlTemplate\":\"https:\/\/anastasios.ro\/cluj\/?s={search_term_string}\"},\"query-input\":{\"@type\":\"PropertyValueSpecification\",\"valueRequired\":true,\"valueName\":\"search_term_string\"}}],\"inLanguage\":\"en-US\"},{\"@type\":\"Organization\",\"@id\":\"https:\/\/anastasios.ro\/cluj\/#organization\",\"name\":\"Anastasios Cluj\",\"url\":\"https:\/\/anastasios.ro\/cluj\/\",\"logo\":{\"@type\":\"ImageObject\",\"inLanguage\":\"en-US\",\"@id\":\"https:\/\/anastasios.ro\/cluj\/#\/schema\/logo\/image\/\",\"url\":\"https:\/\/anastasios.ro\/cluj\/wp-content\/uploads\/anastasios_cluj_logo.svg\",\"contentUrl\":\"https:\/\/anastasios.ro\/cluj\/wp-content\/uploads\/anastasios_cluj_logo.svg\",\"width\":605,\"height\":171,\"caption\":\"Anastasios Cluj\"},\"image\":{\"@id\":\"https:\/\/anastasios.ro\/cluj\/#\/schema\/logo\/image\/\"}}]}<\/script>\n<!-- \/ Yoast SEO plugin. -->","yoast_head_json":{"title":"Contact - Clinica Anastasios Cluj","description":"Ne g\u0103si\u021bi pe Strada Lunii 2A, Cluj-Napoca, sau la numerele de telefon 0771 547 033 \u0219i 0775 344 011. F\u0103-\u021bi o programare ast\u0103zi!","robots":{"index":"index","follow":"follow","max-snippet":"max-snippet:-1","max-image-preview":"max-image-preview:large","max-video-preview":"max-video-preview:-1"},"canonical":"https:\/\/anastasios.ro\/cluj\/contact","og_locale":"en_US","og_type":"article","og_title":"Contact - Clinica Anastasios Cluj","og_description":"Ne g\u0103si\u021bi pe Strada Lunii 2A, Cluj-Napoca, sau la numerele de telefon 0771 547 033 \u0219i 0775 344 011. F\u0103-\u021bi o programare ast\u0103zi!","og_url":"https:\/\/anastasios.ro\/cluj\/contact","og_site_name":"Anastasios Cluj","article_modified_time":"2026-02-08T18:18:44+00:00","twitter_card":"summary_large_image","twitter_misc":{"Est. reading time":"1 minute"},"schema":{"@context":"https:\/\/schema.org","@graph":[{"@type":"WebPage","@id":"https:\/\/anastasios.ro\/cluj\/contact","url":"https:\/\/anastasios.ro\/cluj\/contact","name":"Contact - Clinica Anastasios Cluj","isPartOf":{"@id":"https:\/\/anastasios.ro\/cluj\/#website"},"datePublished":"2025-06-24T17:23:23+00:00","dateModified":"2026-02-08T18:18:44+00:00","description":"Ne g\u0103si\u021bi pe Strada Lunii 2A, Cluj-Napoca, sau la numerele de telefon 0771 547 033 \u0219i 0775 344 011. F\u0103-\u021bi o programare ast\u0103zi!","breadcrumb":{"@id":"https:\/\/anastasios.ro\/cluj\/contact#breadcrumb"},"inLanguage":"en-US","potentialAction":[{"@type":"ReadAction","target":["https:\/\/anastasios.ro\/cluj\/contact"]}]},{"@type":"BreadcrumbList","@id":"https:\/\/anastasios.ro\/cluj\/contact#breadcrumb","itemListElement":[{"@type":"ListItem","position":1,"name":"Home","item":"https:\/\/anastasios.ro\/cluj\/"},{"@type":"ListItem","position":2,"name":"Contact"}]},{"@type":"WebSite","@id":"https:\/\/anastasios.ro\/cluj\/#website","url":"https:\/\/anastasios.ro\/cluj\/","name":"Anastasios Cluj","description":"","publisher":{"@id":"https:\/\/anastasios.ro\/cluj\/#organization"},"potentialAction":[{"@type":"SearchAction","target":{"@type":"EntryPoint","urlTemplate":"https:\/\/anastasios.ro\/cluj\/?s={search_term_string}"},"query-input":{"@type":"PropertyValueSpecification","valueRequired":true,"valueName":"search_term_string"}}],"inLanguage":"en-US"},{"@type":"Organization","@id":"https:\/\/anastasios.ro\/cluj\/#organization","name":"Anastasios Cluj","url":"https:\/\/anastasios.ro\/cluj\/","logo":{"@type":"ImageObject","inLanguage":"en-US","@id":"https:\/\/anastasios.ro\/cluj\/#\/schema\/logo\/image\/","url":"https:\/\/anastasios.ro\/cluj\/wp-content\/uploads\/anastasios_cluj_logo.svg","contentUrl":"https:\/\/anastasios.ro\/cluj\/wp-content\/uploads\/anastasios_cluj_logo.svg","width":605,"height":171,"caption":"Anastasios Cluj"},"image":{"@id":"https:\/\/anastasios.ro\/cluj\/#\/schema\/logo\/image\/"}}]}},"_links":{"self":[{"href":"https:\/\/anastasios.ro\/cluj\/wp-json\/wp\/v2\/pages\/1051","targetHints":{"allow":["GET"]}}],"collection":[{"href":"https:\/\/anastasios.ro\/cluj\/wp-json\/wp\/v2\/pages"}],"about":[{"href":"https:\/\/anastasios.ro\/cluj\/wp-json\/wp\/v2\/types\/page"}],"author":[{"embeddable":true,"href":"https:\/\/anastasios.ro\/cluj\/wp-json\/wp\/v2\/users\/1"}],"replies":[{"embeddable":true,"href":"https:\/\/anastasios.ro\/cluj\/wp-json\/wp\/v2\/comments?post=1051"}],"version-history":[{"count":7,"href":"https:\/\/anastasios.ro\/cluj\/wp-json\/wp\/v2\/pages\/1051\/revisions"}],"predecessor-version":[{"id":1890,"href":"https:\/\/anastasios.ro\/cluj\/wp-json\/wp\/v2\/pages\/1051\/revisions\/1890"}],"wp:attachment":[{"href":"https:\/\/anastasios.ro\/cluj\/wp-json\/wp\/v2\/media?parent=1051"}],"curies":[{"name":"wp","href":"https:\/\/api.w.org\/{rel}","templated":true}]}}