{"id":265,"date":"2021-11-29T17:16:21","date_gmt":"2021-11-29T14:16:21","guid":{"rendered":"https:\/\/anastasios.ro\/baia-mare\/?page_id=265"},"modified":"2024-09-05T16:46:20","modified_gmt":"2024-09-05T13:46:20","slug":"politica-de-cookies","status":"publish","type":"page","link":"https:\/\/anastasios.ro\/baia-mare\/politica-de-cookies\/","title":{"rendered":"Politica de cookies"},"content":{"rendered":"<div class=\"gb-container gb-container-a896c968\"><div class=\"gb-inside-container\">\n\n<h2 class=\"gb-headline gb-headline-8d1cedcb gb-headline-text\">Politica de cookies <\/h2>\n\n\n\n<div class=\"line-separator\"><\/div>\n\n\n\n<h1 class=\"gb-headline gb-headline-e4d51b24 gb-headline-text\"><strong>Anastasios Medical Group S.R.L. | CUI: 42719657 | Nr. \u00eenregistrare: J33\/732\/2020<\/strong><\/h1>\n\n\n\n<p>Aceast\u0103 politic\u0103 se refer\u0103 la cookies \u0219i paginile web operate de S.C. Anastasios Medical Group S.R.L. cu sediul social \u00een Suceava, Str. Republicii, nr. 22, sc. B, ap. 3, 720069, Rom\u00e2nia, la care se va face \u00een continuare referire sub forma \u201eAnastasios Medical\u201d, \u201enoi\u201d, \u201ea noastr\u0103\u201d <meta charset=\"utf-8\">\u0219i este valabil\u0103 \u00eencep\u00e2nd cu data 21.12.2020.<\/p>\n\n\n\n<h5 class=\"gb-headline gb-headline-f13c406b gb-headline-text\"><strong>Ce este un cookie?<\/strong><\/h5>\n\n\n\n<p>Cookie-urile HTTP\/HTTPS sunt esen\u021biale pentru internetul modern, dar o vulnerabilitate pentru confiden\u021bialitatea dumneavoastr\u0103.<\/p>\n\n\n\n<p>Un cookie este un fi\u0219ier text de mici dimensiuni, format \u00een general din identificatori, nume ale website-urilor, litere \u0219i numere, c\u0103ruia utilizatorul, c\u00e2nd navigheaz\u0103 pe pagina web prin intermediul unui browser web (ex: Internet Explorer, Chrome, etc.), \u00eei poate permite sau nu instalarea prin stocare pe computerul, terminalul mobil sau alte echipamente folosite de acesta. Fi\u0219ierul cookie este \u201cpasiv\u201d (nu con\u021bine programe software,&nbsp;viru\u0219i sau spyware \u0219i nu poate accesa informa\u021biile de pe hard disk-ul utilizatorului).<\/p>\n\n\n\n<h5 class=\"gb-headline gb-headline-a9cfc4cb gb-headline-text\"><strong>La ce sunt folosite cookies?<\/strong><\/h5>\n\n\n\n<p>Aceste fi\u0219iere fac posibil\u0103 recunoa\u0219terea terminalului utilizatorului \u0219i prezentarea c\u0103tre acesta a unui con\u021binut adaptat preferin\u021belor sale. Cookie-urile sunt utilizate \u00een preg\u0103tirea unor statistici anonime agregate care ne ajut\u0103 s\u0103 \u00een\u021belegem modul in care un utilizator beneficiaz\u0103 de paginile noastre web, permi\u021b\u00e2ndu-ne \u00eembun\u0103t\u0103\u021birea structurii \u0219i con\u021binutului acestora.<\/p>\n\n\n\n<h5 class=\"gb-headline gb-headline-fed37490 gb-headline-text\"><strong>Ce tipuri de cookies folosim?<\/strong><\/h5>\n\n\n\n<p>Folosim dou\u0103 tipuri de cookies:<\/p>\n\n\n\n<ul class=\"wp-block-list\">\n<li>de sesiune \u2013 fi\u0219iere temporare ce r\u0103m\u00e2n \u00een terminalul utilizatorului p\u00e2n\u0103 la \u00eenchiderea sesiunii de navigare sau \u00eenchiderea aplica\u021biei (browser-ului web)<\/li>\n\n\n\n<li>persistente \u2013 fi\u0219iere care r\u0103m\u00e2n \u00een terminalul utilizatorului pe o perioada definit\u0103 de parametrii acelui cookie sau p\u00e2n\u0103 sunt \u0219terse manual de utilizator<\/li>\n<\/ul>\n\n\n\n<h5 class=\"gb-headline gb-headline-aaac035f gb-headline-text\"><strong>Cum sunt folosite cookie-urile de c\u0103tre acest site?<\/strong><\/h5>\n\n\n\n<p>O vizit\u0103 pe acest site poate plasa urm\u0103toarele tipuri de cookies:<\/p>\n\n\n\n<ul class=\"wp-block-list\">\n<li>Cookie-uri de performan\u021b\u0103 a site-ului;<\/li>\n\n\n\n<li>Cookie-uri de analiz\u0103 a vizitatorilor;<\/li>\n\n\n\n<li>Cookie-uri pentru publicitate.<\/li>\n<\/ul>\n\n\n\n<p>Exemple privind utilitatea cookies (care nu necesit\u0103 autentificarea unui utilizator prin intermediul unui cont):<\/p>\n\n\n\n<ul class=\"wp-block-list\">\n<li>Con\u021binut \u0219i servicii adaptate preferin\u021belor utilizatorului \u2013 categorii de&nbsp;servicii.<\/li>\n\n\n\n<li>Oferte adaptate intereselor utilizatorilor;<\/li>\n\n\n\n<li>M\u0103surarea, optimizarea \u0219i caracteristicile analitice \u2013 cum ar fi confirmarea unui anumit nivel de trafic pe un website, ce tip de con\u021binut este vizualizat \u0219i modul cum un utilizator ajunge pe un website (ex.: prin motoare de c\u0103utare, direct, de pe social media sau&nbsp;din alte website-uri etc). Website-urile deruleaz\u0103 aceast\u0103 analiz\u0103 a utiliz\u0103rii lor pentru a \u00eembun\u0103t\u0103\u021bi con\u021binutul acestora \u00een beneficiul utilizatorului.<\/li>\n<\/ul>\n\n\n\n<p>Cookie-urile&nbsp;care, din punct de vedere tehnic, nu sunt obligatorii a fi stocate pe terminalul utilizatorului, vor fi folosite doar dac\u0103 utilizatorul \u00ee\u0219i exprim\u0103 consim\u021b\u0103m\u00e2ntul expres \u0219i neechivoc \u00een leg\u0103tur\u0103 cu acestea, prin bifarea categoriilor prezentate.<\/p>\n\n\n\n<p>Utilizatorul \u00ee\u0219i poate retrage consim\u021b\u0103m\u00e2ntul \u00een orice moment prin modificarea set\u0103rilor aferente browser-ului utilizat.<\/p>\n\n\n\n<p>Detalii privind modificarea set\u0103rilor browserelor pute\u021bi g\u0103si pe website-urile dezvoltatorilor browserelor , \u00een Sec\u021biunea \u201dSet\u0103ri\u201d, prezentate mai jos:<\/p>\n\n\n\n<ul class=\"wp-block-list\">\n<li><a href=\"https:\/\/support.google.com\/chrome\/answer\/95647?hl=ro\"><span class=\"has-inline-color has-global-color-8-color\">Google Chrome<\/span><\/a><\/li>\n\n\n\n<li><a href=\"https:\/\/support.mozilla.org\/ro\/kb\/cookie-urile\"><span class=\"has-inline-color has-global-color-8-color\">Mozilla Firefox<\/span><\/a><\/li>\n\n\n\n<li><a href=\"https:\/\/privacy.microsoft.com\/en-us\/windows-10-microsoft-edge-and-privacy\"><span class=\"has-inline-color has-global-color-8-color\">Microsoft Edge<\/span><\/a><\/li>\n\n\n\n<li><a href=\"http:\/\/support.microsoft.com\/kb\/278835\/ro\"><span class=\"has-inline-color has-global-color-8-color\">Microsoft Internet Explorer<\/span><\/a><\/li>\n\n\n\n<li><a href=\"https:\/\/www.opera.com\/help\/tutorials\/security\/privacy\/\"><span class=\"has-inline-color has-global-color-8-color\">Opera<\/span><\/a><\/li>\n\n\n\n<li><a href=\"https:\/\/www.apple.com\/legal\/privacy\/\"><span class=\"has-inline-color has-global-color-8-color\">Apple Safari<\/span><\/a><\/li>\n<\/ul>\n\n\n\n<h5 class=\"gb-headline gb-headline-444fd9de gb-headline-text\"><strong>Ce date con\u021bin cookie-urile?<\/strong><\/h5>\n\n\n\n<p>Cookie-urile nu identific\u0103 \u00een mod direct utilizatorii de internet, ci terminalul de pe care ace\u0219tia au accesat anumite pagini web. Aceste date sunt criptate \u00eentr-un mod care nu permite accesul&nbsp;neautorizat al ter\u021bilor.<\/p>\n\n\n\n<h5 class=\"gb-headline gb-headline-d9c1b9de gb-headline-text\"><strong>Reten\u021bia \u0219i \u0219tergerea cookie-urilor<\/strong><\/h5>\n\n\n\n<p>O aplica\u021bie folosit\u0103 pentru accesarea paginilor web (Chrome, Opera, Safari, Mozilla, etc.) permite salvarea cookies pe terminalul utilizatorului \u00een mod implicit. Aceste set\u0103ri pot fi modificate de c\u0103tre utilizator astfel \u00eenc\u00e2t administrarea automat\u0103 a cookie-urilor s\u0103 fie blocat\u0103 de browser-ul web sau utilizatorul s\u0103 fie informat de fiecare dat\u0103 c\u00e2nd cookie-urile sunt trimise c\u0103tre terminalul sau.<\/p>\n\n\n\n<h5 class=\"gb-headline gb-headline-fe98c502 gb-headline-text\"><strong>Actualiz\u0103ri ale politicii de cookie<\/strong><\/h5>\n\n\n\n<p>Anastasios Medical Group S.R.L. poate actualiza prezenta politic\u0103 de cookies pentru a reflecta schimb\u0103ri ale diverselor cookie-uri folosite \u00een scop opera\u021bional, juridic sau de reglementare. V\u0103 rug\u0103m s\u0103 citi\u021bi regulat politica de cookies pentru a v\u0103 asigura c\u0103 sunte\u021bi informat corespunz\u0103tor cu privire la modul \u00een care utiliz\u0103m cookie-urile. Data prezentei politici este actualizat\u0103 \u00een antetul acestei sec\u021biuni.<\/p>\n\n\n\n<h5 class=\"gb-headline gb-headline-25480bd0 gb-headline-text\"><strong>\u00centreb\u0103ri vizavi de aceast\u0103 politic\u0103 de cookie-uri<\/strong><\/h5>\n\n\n\n<p>Pentru orice \u00eentreb\u0103ri vizavi de politica noastr\u0103 de cookie-uri, v\u0103 rug\u0103m s\u0103 ne trimite\u021bi un mail la adresa contact@anastasios.ro.<\/p>\n\n<\/div><\/div>","protected":false},"excerpt":{"rendered":"<p>Politica de cookies Anastasios Medical Group S.R.L. | CUI: 42719657 | Nr. \u00eenregistrare: J33\/732\/2020 Aceast\u0103 politic\u0103 se refer\u0103 la cookies \u0219i paginile web operate de S.C. Anastasios Medical Group S.R.L. cu sediul social \u00een Suceava, Str. Republicii, nr. 22, sc. B, ap. 3, 720069, Rom\u00e2nia, la care se va face \u00een continuare referire sub forma &#8230; <a title=\"Politica de cookies\" class=\"read-more\" href=\"https:\/\/anastasios.ro\/baia-mare\/politica-de-cookies\/\" aria-label=\"Read more about Politica de cookies\">Read more<\/a><\/p>\n","protected":false},"author":1,"featured_media":2694,"parent":0,"menu_order":0,"comment_status":"closed","ping_status":"closed","template":"","meta":{"inline_featured_image":false,"footnotes":""},"class_list":["post-265","page","type-page","status-publish","has-post-thumbnail"],"yoast_head":"<!-- This site is optimized with the Yoast SEO plugin v27.3 - https:\/\/yoast.com\/product\/yoast-seo-wordpress\/ -->\n<title>Politica de cookies - Centrul Medical Anastasios Baia Mare<\/title>\n<meta name=\"description\" content=\"Pentru orice \u00eentreb\u0103ri vizavi de politica noastr\u0103 de cookie-uri, v\u0103 rug\u0103m s\u0103 ne trimite\u021bi un mail la adresa contact@anastasios.ro.\" \/>\n<meta name=\"robots\" content=\"index, follow, max-snippet:-1, max-image-preview:large, max-video-preview:-1\" \/>\n<link rel=\"canonical\" href=\"https:\/\/anastasios.ro\/baia-mare\/politica-de-cookies\/\" \/>\n<meta property=\"og:locale\" content=\"en_US\" \/>\n<meta property=\"og:type\" content=\"article\" \/>\n<meta property=\"og:title\" content=\"Politica de cookies - Centrul Medical Anastasios Baia Mare\" \/>\n<meta property=\"og:description\" content=\"Pentru orice \u00eentreb\u0103ri vizavi de politica noastr\u0103 de cookie-uri, v\u0103 rug\u0103m s\u0103 ne trimite\u021bi un mail la adresa contact@anastasios.ro.\" \/>\n<meta property=\"og:url\" content=\"https:\/\/anastasios.ro\/baia-mare\/politica-de-cookies\/\" \/>\n<meta property=\"og:site_name\" content=\"Centrul Medical Anastasios Baia Mare\" \/>\n<meta property=\"article:modified_time\" content=\"2024-09-05T13:46:20+00:00\" \/>\n<meta property=\"og:image\" content=\"https:\/\/anastasios.ro\/baia-mare\/wp-content\/uploads\/2024\/09\/politica-de-cookies-baia-mare.jpg\" \/>\n\t<meta property=\"og:image:width\" content=\"800\" \/>\n\t<meta property=\"og:image:height\" content=\"800\" \/>\n\t<meta property=\"og:image:type\" content=\"image\/jpeg\" \/>\n<meta name=\"twitter:card\" content=\"summary_large_image\" \/>\n<meta name=\"twitter:label1\" content=\"Est. reading time\" \/>\n\t<meta name=\"twitter:data1\" content=\"4 minutes\" \/>\n<script type=\"application\/ld+json\" class=\"yoast-schema-graph\">{\"@context\":\"https:\\\/\\\/schema.org\",\"@graph\":[{\"@type\":\"WebPage\",\"@id\":\"https:\\\/\\\/anastasios.ro\\\/baia-mare\\\/politica-de-cookies\\\/\",\"url\":\"https:\\\/\\\/anastasios.ro\\\/baia-mare\\\/politica-de-cookies\\\/\",\"name\":\"Politica de cookies - Centrul Medical Anastasios Baia Mare\",\"isPartOf\":{\"@id\":\"https:\\\/\\\/anastasios.ro\\\/baia-mare\\\/#website\"},\"primaryImageOfPage\":{\"@id\":\"https:\\\/\\\/anastasios.ro\\\/baia-mare\\\/politica-de-cookies\\\/#primaryimage\"},\"image\":{\"@id\":\"https:\\\/\\\/anastasios.ro\\\/baia-mare\\\/politica-de-cookies\\\/#primaryimage\"},\"thumbnailUrl\":\"https:\\\/\\\/anastasios.ro\\\/baia-mare\\\/wp-content\\\/uploads\\\/2024\\\/09\\\/politica-de-cookies-baia-mare.jpg\",\"datePublished\":\"2021-11-29T14:16:21+00:00\",\"dateModified\":\"2024-09-05T13:46:20+00:00\",\"description\":\"Pentru orice \u00eentreb\u0103ri vizavi de politica noastr\u0103 de cookie-uri, v\u0103 rug\u0103m s\u0103 ne trimite\u021bi un mail la adresa contact@anastasios.ro.\",\"breadcrumb\":{\"@id\":\"https:\\\/\\\/anastasios.ro\\\/baia-mare\\\/politica-de-cookies\\\/#breadcrumb\"},\"inLanguage\":\"en-US\",\"potentialAction\":[{\"@type\":\"ReadAction\",\"target\":[\"https:\\\/\\\/anastasios.ro\\\/baia-mare\\\/politica-de-cookies\\\/\"]}]},{\"@type\":\"ImageObject\",\"inLanguage\":\"en-US\",\"@id\":\"https:\\\/\\\/anastasios.ro\\\/baia-mare\\\/politica-de-cookies\\\/#primaryimage\",\"url\":\"https:\\\/\\\/anastasios.ro\\\/baia-mare\\\/wp-content\\\/uploads\\\/2024\\\/09\\\/politica-de-cookies-baia-mare.jpg\",\"contentUrl\":\"https:\\\/\\\/anastasios.ro\\\/baia-mare\\\/wp-content\\\/uploads\\\/2024\\\/09\\\/politica-de-cookies-baia-mare.jpg\",\"width\":800,\"height\":800,\"caption\":\"politica de cookies baia mare\"},{\"@type\":\"BreadcrumbList\",\"@id\":\"https:\\\/\\\/anastasios.ro\\\/baia-mare\\\/politica-de-cookies\\\/#breadcrumb\",\"itemListElement\":[{\"@type\":\"ListItem\",\"position\":1,\"name\":\"Home\",\"item\":\"https:\\\/\\\/anastasios.ro\\\/baia-mare\\\/\"},{\"@type\":\"ListItem\",\"position\":2,\"name\":\"Politica de cookies\"}]},{\"@type\":\"WebSite\",\"@id\":\"https:\\\/\\\/anastasios.ro\\\/baia-mare\\\/#website\",\"url\":\"https:\\\/\\\/anastasios.ro\\\/baia-mare\\\/\",\"name\":\"Centrul Medical Anastasios Baia Mare\",\"description\":\"\",\"publisher\":{\"@id\":\"https:\\\/\\\/anastasios.ro\\\/baia-mare\\\/#organization\"},\"potentialAction\":[{\"@type\":\"SearchAction\",\"target\":{\"@type\":\"EntryPoint\",\"urlTemplate\":\"https:\\\/\\\/anastasios.ro\\\/baia-mare\\\/?s={search_term_string}\"},\"query-input\":{\"@type\":\"PropertyValueSpecification\",\"valueRequired\":true,\"valueName\":\"search_term_string\"}}],\"inLanguage\":\"en-US\"},{\"@type\":\"Organization\",\"@id\":\"https:\\\/\\\/anastasios.ro\\\/baia-mare\\\/#organization\",\"name\":\"Centrul Medical Anastasios Baia Mare\",\"url\":\"https:\\\/\\\/anastasios.ro\\\/baia-mare\\\/\",\"logo\":{\"@type\":\"ImageObject\",\"inLanguage\":\"en-US\",\"@id\":\"https:\\\/\\\/anastasios.ro\\\/baia-mare\\\/#\\\/schema\\\/logo\\\/image\\\/\",\"url\":\"https:\\\/\\\/anastasios.ro\\\/baia-mare\\\/wp-content\\\/uploads\\\/2025\\\/05\\\/clinica-anastaios-medical-baia-mare-logo.svg\",\"contentUrl\":\"https:\\\/\\\/anastasios.ro\\\/baia-mare\\\/wp-content\\\/uploads\\\/2025\\\/05\\\/clinica-anastaios-medical-baia-mare-logo.svg\",\"width\":605,\"height\":171,\"caption\":\"Centrul Medical Anastasios Baia Mare\"},\"image\":{\"@id\":\"https:\\\/\\\/anastasios.ro\\\/baia-mare\\\/#\\\/schema\\\/logo\\\/image\\\/\"}}]}<\/script>\n<!-- \/ Yoast SEO plugin. -->","yoast_head_json":{"title":"Politica de cookies - Centrul Medical Anastasios Baia Mare","description":"Pentru orice \u00eentreb\u0103ri vizavi de politica noastr\u0103 de cookie-uri, v\u0103 rug\u0103m s\u0103 ne trimite\u021bi un mail la adresa contact@anastasios.ro.","robots":{"index":"index","follow":"follow","max-snippet":"max-snippet:-1","max-image-preview":"max-image-preview:large","max-video-preview":"max-video-preview:-1"},"canonical":"https:\/\/anastasios.ro\/baia-mare\/politica-de-cookies\/","og_locale":"en_US","og_type":"article","og_title":"Politica de cookies - Centrul Medical Anastasios Baia Mare","og_description":"Pentru orice \u00eentreb\u0103ri vizavi de politica noastr\u0103 de cookie-uri, v\u0103 rug\u0103m s\u0103 ne trimite\u021bi un mail la adresa contact@anastasios.ro.","og_url":"https:\/\/anastasios.ro\/baia-mare\/politica-de-cookies\/","og_site_name":"Centrul Medical Anastasios Baia Mare","article_modified_time":"2024-09-05T13:46:20+00:00","og_image":[{"width":800,"height":800,"url":"https:\/\/anastasios.ro\/baia-mare\/wp-content\/uploads\/2024\/09\/politica-de-cookies-baia-mare.jpg","type":"image\/jpeg"}],"twitter_card":"summary_large_image","twitter_misc":{"Est. reading time":"4 minutes"},"schema":{"@context":"https:\/\/schema.org","@graph":[{"@type":"WebPage","@id":"https:\/\/anastasios.ro\/baia-mare\/politica-de-cookies\/","url":"https:\/\/anastasios.ro\/baia-mare\/politica-de-cookies\/","name":"Politica de cookies - Centrul Medical Anastasios Baia Mare","isPartOf":{"@id":"https:\/\/anastasios.ro\/baia-mare\/#website"},"primaryImageOfPage":{"@id":"https:\/\/anastasios.ro\/baia-mare\/politica-de-cookies\/#primaryimage"},"image":{"@id":"https:\/\/anastasios.ro\/baia-mare\/politica-de-cookies\/#primaryimage"},"thumbnailUrl":"https:\/\/anastasios.ro\/baia-mare\/wp-content\/uploads\/2024\/09\/politica-de-cookies-baia-mare.jpg","datePublished":"2021-11-29T14:16:21+00:00","dateModified":"2024-09-05T13:46:20+00:00","description":"Pentru orice \u00eentreb\u0103ri vizavi de politica noastr\u0103 de cookie-uri, v\u0103 rug\u0103m s\u0103 ne trimite\u021bi un mail la adresa contact@anastasios.ro.","breadcrumb":{"@id":"https:\/\/anastasios.ro\/baia-mare\/politica-de-cookies\/#breadcrumb"},"inLanguage":"en-US","potentialAction":[{"@type":"ReadAction","target":["https:\/\/anastasios.ro\/baia-mare\/politica-de-cookies\/"]}]},{"@type":"ImageObject","inLanguage":"en-US","@id":"https:\/\/anastasios.ro\/baia-mare\/politica-de-cookies\/#primaryimage","url":"https:\/\/anastasios.ro\/baia-mare\/wp-content\/uploads\/2024\/09\/politica-de-cookies-baia-mare.jpg","contentUrl":"https:\/\/anastasios.ro\/baia-mare\/wp-content\/uploads\/2024\/09\/politica-de-cookies-baia-mare.jpg","width":800,"height":800,"caption":"politica de cookies baia mare"},{"@type":"BreadcrumbList","@id":"https:\/\/anastasios.ro\/baia-mare\/politica-de-cookies\/#breadcrumb","itemListElement":[{"@type":"ListItem","position":1,"name":"Home","item":"https:\/\/anastasios.ro\/baia-mare\/"},{"@type":"ListItem","position":2,"name":"Politica de cookies"}]},{"@type":"WebSite","@id":"https:\/\/anastasios.ro\/baia-mare\/#website","url":"https:\/\/anastasios.ro\/baia-mare\/","name":"Centrul Medical Anastasios Baia Mare","description":"","publisher":{"@id":"https:\/\/anastasios.ro\/baia-mare\/#organization"},"potentialAction":[{"@type":"SearchAction","target":{"@type":"EntryPoint","urlTemplate":"https:\/\/anastasios.ro\/baia-mare\/?s={search_term_string}"},"query-input":{"@type":"PropertyValueSpecification","valueRequired":true,"valueName":"search_term_string"}}],"inLanguage":"en-US"},{"@type":"Organization","@id":"https:\/\/anastasios.ro\/baia-mare\/#organization","name":"Centrul Medical Anastasios Baia Mare","url":"https:\/\/anastasios.ro\/baia-mare\/","logo":{"@type":"ImageObject","inLanguage":"en-US","@id":"https:\/\/anastasios.ro\/baia-mare\/#\/schema\/logo\/image\/","url":"https:\/\/anastasios.ro\/baia-mare\/wp-content\/uploads\/2025\/05\/clinica-anastaios-medical-baia-mare-logo.svg","contentUrl":"https:\/\/anastasios.ro\/baia-mare\/wp-content\/uploads\/2025\/05\/clinica-anastaios-medical-baia-mare-logo.svg","width":605,"height":171,"caption":"Centrul Medical Anastasios Baia Mare"},"image":{"@id":"https:\/\/anastasios.ro\/baia-mare\/#\/schema\/logo\/image\/"}}]}},"_links":{"self":[{"href":"https:\/\/anastasios.ro\/baia-mare\/wp-json\/wp\/v2\/pages\/265","targetHints":{"allow":["GET"]}}],"collection":[{"href":"https:\/\/anastasios.ro\/baia-mare\/wp-json\/wp\/v2\/pages"}],"about":[{"href":"https:\/\/anastasios.ro\/baia-mare\/wp-json\/wp\/v2\/types\/page"}],"author":[{"embeddable":true,"href":"https:\/\/anastasios.ro\/baia-mare\/wp-json\/wp\/v2\/users\/1"}],"replies":[{"embeddable":true,"href":"https:\/\/anastasios.ro\/baia-mare\/wp-json\/wp\/v2\/comments?post=265"}],"version-history":[{"count":13,"href":"https:\/\/anastasios.ro\/baia-mare\/wp-json\/wp\/v2\/pages\/265\/revisions"}],"predecessor-version":[{"id":2695,"href":"https:\/\/anastasios.ro\/baia-mare\/wp-json\/wp\/v2\/pages\/265\/revisions\/2695"}],"wp:featuredmedia":[{"embeddable":true,"href":"https:\/\/anastasios.ro\/baia-mare\/wp-json\/wp\/v2\/media\/2694"}],"wp:attachment":[{"href":"https:\/\/anastasios.ro\/baia-mare\/wp-json\/wp\/v2\/media?parent=265"}],"curies":[{"name":"wp","href":"https:\/\/api.w.org\/{rel}","templated":true}]}}